 common divisor of 1421 and 133?
7
Calculate the greatest common divisor of 161 and 14.
7
What is the greatest common divisor of 3632 and 2497?
227
Calculate the highest common divisor of 264 and 2328.
24
Calculate the highest common divisor of 325 and 20.
5
What is the highest common factor of 14 and 18550?
14
What is the highest common factor of 891 and 66?
33
Calculate the greatest common factor of 138 and 21459.
69
Calculate the highest common factor of 50 and 18925.
25
Calculate the greatest common divisor of 2 and 35.
1
What is the highest common factor of 440 and 6?
2
Calculate the greatest common factor of 96 and 111.
3
Calculate the highest common divisor of 24 and 648.
24
Calculate the greatest common factor of 423 and 188.
47
What is the greatest common factor of 163 and 59821?
163
What is the highest common divisor of 26 and 23400?
26
Calculate the greatest common divisor of 117 and 36.
9
What is the highest common factor of 1075 and 86?
43
Calculate the greatest common factor of 2860 and 330.
110
Calculate the greatest common factor of 13758 and 6.
6
Calculate the highest common factor of 135 and 243.
27
Calculate the greatest common factor of 578 and 2.
2
What is the greatest common factor of 48 and 1356?
12
What is the highest common divisor of 125 and 16?
1
Calculate the highest common divisor of 610 and 2318.
122
What is the highest common divisor of 18 and 522?
18
Calculate the greatest common divisor of 15 and 105.
15
Calculate the greatest common factor of 3979 and 23.
23
What is the greatest common factor of 34103 and 67?
67
Calculate the greatest common factor of 34 and 7361.
17
Calculate the greatest common divisor of 1 and 45.
1
Calculate the greatest common factor of 165 and 231.
33
Calculate the highest common divisor of 185 and 10.
5
Calculate the highest common divisor of 56 and 4144.
56
What is the greatest common divisor of 32 and 1856?
32
What is the highest common divisor of 4 and 24812?
4
What is the greatest common factor of 1 and 109?
1
Calculate the highest common divisor of 224 and 84.
28
What is the highest common factor of 6 and 6540?
6
Calculate the highest common factor of 616 and 56.
56
What is the highest common factor of 1062 and 18?
18
Calculate the highest common divisor of 22 and 418.
22
Calculate the greatest common divisor of 171 and 19.
19
What is the greatest common factor of 53 and 19027?
53
What is the highest common divisor of 9933 and 693?
231
What is the highest common divisor of 2252 and 28?
4
What is the greatest common divisor of 608 and 32?
32
What is the highest common factor of 96 and 132?
12
What is the greatest common divisor of 63 and 77?
7
What is the highest common factor of 3 and 81?
3
Calculate the highest common divisor of 98 and 266.
14
What is the greatest common factor of 272 and 48?
16
Calculate the highest common divisor of 60 and 18.
6
Calculate the highest common factor of 2 and 196.
2
Calculate the greatest common divisor of 42 and 150.
6
What is the highest common divisor of 45 and 555?
15
What is the greatest common divisor of 289 and 17?
17
What is the highest common divisor of 36 and 156?
12
What is the greatest common factor of 658 and 294?
14
What is the highest common divisor of 93 and 16554?
93
Calculate the greatest common divisor of 1636 and 60.
4
What is the greatest common divisor of 9420 and 320?
20
Calculate the highest common factor of 917 and 28.
7
Calculate the highest common factor of 44 and 9438.
22
Calculate the greatest common factor of 44 and 396.
44
What is the highest common factor of 94 and 9118?
94
Calculate the greatest common divisor of 247 and 57.
19
Calculate the highest common divisor of 2610 and 609.
87
What is the highest common factor of 3403 and 902?
41
Calculate the greatest common divisor of 798 and 126.
42
Calculate the greatest common factor of 45 and 72.
9
Calculate the greatest common divisor of 42 and 801.
3
What is the greatest common factor of 24 and 5128?
8
Calculate the greatest common factor of 170 and 30.
10
What is the greatest common divisor of 180 and 1332?
36
What is the greatest common divisor of 126 and 54?
18
Calculate the highest common factor of 36 and 9.
9
What is the greatest common factor of 5 and 125?
5
Calculate the greatest common divisor of 2013 and 330.
33
Calculate the greatest common factor of 5311 and 141.
47
Calculate the greatest common divisor of 171 and 18.
9
What is the highest common factor of 209 and 33?
11
What is the highest common factor of 1649 and 34?
17
What is the greatest common factor of 198 and 44?
22
Calculate the highest common factor of 40 and 780.
20
Calculate the greatest common factor of 48316 and 257.
257
Calculate the highest common factor of 64 and 13696.
64
What is the greatest common factor of 852 and 36?
12
What is the greatest common divisor of 867 and 3179?
289
What is the greatest common factor of 845 and 260?
65
What is the highest common divisor of 58 and 7250?
58
What is the highest common divisor of 13 and 5096?
13
What is the highest common divisor of 70 and 135?
5
Calculate the highest common divisor of 264 and 682.
22
What is the highest common divisor of 5427 and 67?
67
What is the greatest common divisor of 12950 and 148?
74
Calculate the greatest common divisor of 497 and 112.
7
What is the greatest common divisor of 30 and 285?
15
What is the greatest common factor of 1647 and 61?
61
What is the greatest common divisor of 210 and 330?
30
What is the highest common divisor of 78373 and 181?
181
What is the greatest common factor of 57 and 2793?
57
What is the highest common factor of 195 and 1215?
15
Calculate the greatest common divisor of 1235 and 38.
19
What is the highest common factor of 31 and 2666?
31
What is the greatest common factor of 218 and 14933?
109
Calculate the highest common divisor of 12 and 128.
4
Calculate the highest common divisor of 159 and 12879.
159
What is the highest common divisor of 209 and 133?
19
What is the highest common divisor of 54472 and 88?
88
What is the greatest common divisor of 320 and 4720?
80
What is the highest common factor of 205 and 25?
5
What is the highest common divisor of 60 and 18288?
12
What is the greatest common factor of 4840 and 40?
40
What is the highest common factor of 114 and 42?
6
Calculate the greatest common divisor of 2847 and 2409.
219
Calculate the greatest common divisor of 11154 and 143.
143
What is the highest common factor of 36 and 6204?
12
Calculate the greatest common divisor of 40 and 965.
5
Calculate the greatest common divisor of 85 and 1598.
17
Calculate the highest common factor of 5220 and 300.
60
Calculate the greatest common divisor of 10 and 11.
1
What is the highest common divisor of 344 and 8?
8
Calculate the greatest common factor of 111 and 3219.
111
What is the highest common divisor of 9 and 1530?
9
What is the highest common divisor of 1260 and 108?
36
Calculate the highest common factor of 959 and 7.
7
Calculate the greatest common divisor of 1043 and 149.
149
What is the greatest common divisor of 10335 and 585?
195
What is the greatest common factor of 686 and 28?
14
Calculate the highest common divisor of 128 and 104.
8
What is the highest common divisor of 459 and 136?
17
What is the highest common divisor of 4 and 62?
2
Calculate the highest common factor of 6 and 118.
2
Calculate the highest common divisor of 248 and 24428.
124
Calculate the highest common factor of 46 and 32959.
23
What is the greatest common divisor of 2 and 31?
1
Calculate the highest common factor of 253 and 391.
23
Calculate the greatest common factor of 1204 and 154.
14
Calculate the highest common divisor of 5704 and 3224.
248
Calculate the greatest common divisor of 3534 and 3162.
186
What is the highest common divisor of 340 and 442?
34
Calculate the highest common divisor of 39 and 273.
39
What is the greatest common factor of 4023 and 54?
27
Calculate the greatest common divisor of 19 and 19.
19
What is the greatest common factor of 18 and 90?
18
Calculate the highest common factor of 1644 and 18.
6
What is the greatest common divisor of 80 and 32?
16
Calculate the greatest common divisor of 34865 and 95.
95
What is the highest common factor of 8 and 20?
4
What is the greatest co